at is the hundreds digit of 72289280?
2
What is the thousands digit of 103089847?
9
What is the units digit of 171372913?
3
What is the tens digit of 60438676?
7
What is the ten thousands digit of 364376162?
7
What is the hundred thousands digit of 326181427?
1
What is the units digit of 1719048719?
9
What is the hundred millions digit of 148043192?
1
What is the hundred thousands digit of 1718866924?
8
What is the hundred millions digit of 157685837?
1
What is the ten thousands digit of 56068016?
6
What is the billions digit of 2451076684?
2
What is the units digit of 215478169?
9
What is the units digit of 1226632777?
7
What is the ten millions digit of 449715748?
4
What is the units digit of 3920278?
8
What is the millions digit of 95245445?
5
What is the ten thousands digit of 15637481?
3
What is the tens digit of 37643971?
7
What is the tens digit of 1854289110?
1
What is the hundred thousands digit of 1588877814?
8
What is the tens digit of 273208966?
6
What is the ten millions digit of 102887913?
0
What is the tens digit of 3629510?
1
What is the tens digit of 1651232758?
5
What is the hundreds digit of 167353708?
7
What is the millions digit of 891159742?
1
What is the ten thousands digit of 52354029?
5
What is the ten millions digit of 97367295?
9
What is the hundreds digit of 193071249?
2
What is the hundred thousands digit of 122579082?
5
What is the millions digit of 105309253?
5
What is the millions digit of 81065879?
1
What is the hundreds digit of 295088?
0
What is the thousands digit of 260797625?
7
What is the millions digit of 1373790809?
3
What is the hundred millions digit of 487274611?
4
What is the millions digit of 150698167?
0
What is the ten thousands digit of 552981777?
8
What is the ten millions digit of 284463044?
8
What is the millions digit of 145818885?
5
What is the ten millions digit of 118276597?
1
What is the millions digit of 666368977?
6
What is the thousands digit of 34890579?
0
What is the ten thousands digit of 127596505?
9
What is the ten millions digit of 214379534?
1
What is the millions digit of 62606855?
2
What is the thousands digit of 140494074?
4
What is the hundred thousands digit of 5802516993?
5
What is the millions digit of 39089180?
9
What is the ten millions digit of 1121610073?
2
What is the hundreds digit of 4465749?
7
What is the units digit of 306330636?
6
What is the millions digit of 3010425636?
0
What is the hundred thousands digit of 16141472?
1
What is the tens digit of 7988263?
6
What is the millions digit of 1096159373?
6
What is the hundred thousands digit of 252057700?
0
What is the millions digit of 2132488699?
2
What is the units digit of 93105261?
1
What is the hundred millions digit of 4285737995?
2
What is the thousands digit of 56903044?
3
What is the hundred thousands digit of 7511742712?
7
What is the ten millions digit of 19747708?
1
What is the hundreds digit of 263386152?
1
What is the hundreds digit of 92971553?
5
What is the thousands digit of 21791854?
1
What is the millions digit of 362207675?
2
What is the units digit of 194202804?
4
What is the ten millions digit of 762421262?
6
What is the millions digit of 976699675?
6
What is the hundred millions digit of 176112169?
1
What is the ten thousands digit of 77783918?
8
What is the thousands digit of 311207340?
7
What is the ten thousands digit of 221872836?
7
What is the ten millions digit of 108525027?
0
What is the units digit of 89011592?
2
What is the hundred thousands digit of 31244356?
2
What is the ten millions digit of 467835439?
6
What is the ten thousands digit of 1110399131?
9
What is the ten thousands digit of 78403758?
0
What is the hundred millions digit of 2211124314?
2
What is the hundreds digit of 6665830675?
6
What is the ten thousands digit of 3767144032?
4
What is the tens digit of 119303759?
5
What is the hundreds digit of 17225079?
0
What is the units digit of 1796371481?
1
What is the ten millions digit of 437181611?
3
What is the ten thousands digit of 240359147?
5
What is the hundred thousands digit of 272709212?
7
What is the thousands digit of 47517380?
7
What is the hundreds digit of 396631554?
5
What is the hundreds digit of 78113429?
4
What is the millions digit of 217228231?
7
What is the tens digit of 119982575?
7
What is the thousands digit of 5481857407?
7
What is the tens digit of 493119084?
8
What is the hundred thousands digit of 40441839?
4
What is the ten thousands digit of 222427550?
2
What is the ten millions digit of 1171414727?
7
What is the hundred thousands digit of 9692956?
6
What is the units digit of 2545401113?
3
What is the ten millions digit of 346893217?
4
What is the hundreds digit of 53818506?
5
What is the tens digit of 153271478?
7
What is the ten millions digit of 213386443?
1
What is the hundreds digit of 1472696965?
9
What is the hundred millions digit of 5547504446?
5
What is the ten millions digit of 1347940622?
4
What is the tens digit of 246691405?
0
What is the ten thousands digit of 69426156?
2
What is the thousands digit of 853472565?
2
What is the hundreds digit of 371534694?
6
What is the tens digit of 48784953?
5
What is the hundred millions digit of 1287288359?
2
What is the hundreds digit of 120667453?
4
What is the tens digit of 23102605?
0
What is the units digit of 57853848?
8
What is the millions digit of 19466341?
9
What is the hundreds digit of 1860086760?
7
What is the thousands digit of 225875280?
5
What is the millions digit of 38443856?
8
What is the millions digit of 61731612?
1
What is the ten thousands digit of 83658129?
5
What is the units digit of 564286285?
5
What is the thousands digit of 58584683?
4
What is the ten thousands digit of 2193521010?
2
What is the ten millions digit of 7502058655?
0
What is the hundred thousands digit of 52228089?
2
What is the tens digit of 39707804?
0
What is the units digit of 213856981?
1
What is the millions digit of 145310106?
5
What is the hundreds digit of 83319810?
8
What is the tens digit of 57459421?
2
What is the hundred millions digit of 1040509987?
0
What is the millions digit of 51172410?
1
What is the thousands digit of 40860070?
0
What is the units digit of 46501479?
9
What is the units digit of 364022540?
0
What is the ten millions digit of 113476483?
1
What is the units digit of 37268790?
0
What is the ten millions digit of 60736231?
6
What is the tens digit of 30770455?
5
What is the ten thousands digit of 1529639556?
3
What is the millions digit of 311347286?
1
What is the tens digit of 162990825?
2
What is the millions digit of 2563313529?
3
What is the ten millions digit of 416615671?
1
What is the millions digit of 81810349?
1
What is the millions digit of 273654526?
3
What is the hundreds digit of 30715943?
9
What is the hundred thousands digit of 1361621007?
6
What is the hundred thousands digit of 67962164?
9
What is the billions digit of 1130601758?
1
What is the hundred thousands digit of 112894186?
8
What is the ten thousands digit of 124097590?
9
What is the units digit of 20599271?
1
What is the tens digit of 7454516?
1
What is the hundreds digit of 435354861?
8
What is the millions digit of 37192175?
7
What is the ten millions digit of 173631377?
7
What is the ten thousands digit of 10789610?
8
What is the hundred thousands digit of 623058972?
0
What is the hundred millions digit of 602034208?
6
What is the ten thousands digit of 4758333042?
3
What is the units digit of 50139008?
8
What is the hundred thousands digit of 66468256?
4
What is the hundreds digit of 2602731897?
8
What is the millions digit of 62441304?
2
What is the tens digit of 743284079?
7
What is the ten millions digit of 336632318?
3
What is the hundred thousands digit of 130560893?
5
What is the billions digit of 2566736014?
2
What is the hundred millions digit of 938490291?
9
What is the tens digit of 541572323?
2
What is the ten thousands digit of 3440401?
4
What is the hundred thousands digit of 69188330?
1
What is the thousands digit of 150059290?
9
What is the ten thousands digit of 41738927?
3
What is the hundred millions digit of 325180560?
3
What is the ten thousands digit of 145133679?
3
What is the hundred millions digit of 145308136?
1
What is the hundred thousands digit of 2755775